 = -u - 3*u + 180. Let b = 15 + -5. Let n = 20 + b. What is the greatest common divisor of u and n?
15
Let q = 7481 + -7476. Let t(l) = -l**3 + 6*l**2 + 4*l - 5. Suppose -5*b + 10 = -3*b. Let p be t(b). Calculate the highest common divisor of p and q.
5
Let i(q) = -3*q**2 + q - 14. Let l be i(-7). Let u = l + 332. Let x = u + -92. What is the greatest common divisor of 48 and x?
24
Suppose 0*l + 570 = 10*l. Suppose l + 90 = j. What is the highest common factor of 21 and j?
21
Let s(g) = 20*g - 18. Let u be s(3). What is the highest common factor of u and 126?
42
Let f be (-77)/2 - (-10)/20. Let v be (f/(-8))/(3/60). What is the highest common factor of 38 and v?
19
Suppose -1 = -l - 2. Let y(j) = -90*j + 2. Let w be y(l). What is the greatest common divisor of 23 and w?
23
Let v be (2/(-8))/((-3)/(-4) + -1). Let f be 138 + -1*(-3 + v). What is the greatest common factor of f and 28?
28
Let g(q) = 3*q + 1. Let d = 5 - -23. Suppose -h + 5*t = -d, -17 + 42 = -5*t. Let n be g(h). What is the greatest common factor of n and 110?
10
Let s(i) = 97*i - 4945. Let t be s(51). Suppose -5*m + 100 = -m + 3*f, 0 = 4*m - 2*f - 80. Calculate the highest common factor of m and t.
2
Suppose -2*k - 2*a + 8 = -6, -5*a + 19 = -3*k. Let i(g) = 3*g + 21. Let h be i(-5). Suppose k*u + 0 = h. Calculate the greatest common factor of u and 12.
3
Suppose -114*n + 110*n = -140. Calculate the greatest common factor of n and 15.
5
Let f = -6 - -7. Let l be (9/2)/(f/8). Let n = -1 - -10. Calculate the highest common factor of l and n.
9
Let g = 204 - 120. Calculate the highest common factor of g and 147.
21
Suppose 15*x = 20*x - 5. What is the greatest common divisor of x and 8?
1
Let p(x) = -x**3 + 10*x**2 + 28*x - 26. Let i be p(11). What is the greatest common divisor of 23 and i?
23
Let u(f) = -8 + 2*f**3 + 0*f**3 - f**3 - f - 5*f**2 + f**3. Let p be u(5). Calculate the greatest common factor of p and 28.
28
Let u(v) = 5 - 6 - 1 + 58*v. Let r be u(3). Calculate the greatest common factor of r and 43.
43
Suppose 75 = 3*z + 4*f + 47, 4*z = f + 31. Let i be ((-2)/(-4))/(2/(-4)). Let l be 4*((0 - i) + 1). What is the greatest common divisor of l and z?
8
Suppose -5*t = -396 - 179. Suppose -6*z + 79 = -3*z - 5*l, -5*z + 5*l = -t. Let b(w) = 199*w - 1. Let p be b(1). What is the highest common divisor of p and z?
18
Let f = -2699 + 2713. Calculate the highest common divisor of 91 and f.
7
Let t be 31*4 + (-3 - 0). Suppose -158*n - 143 = -171*n. Calculate the greatest common divisor of n and t.
11
Let p(r) = 2*r**2 - 10*r - 20. Let l be p(-6). Let i be 24*((-3)/(-9) - -1). What is the greatest common divisor of l and i?
16
Suppose 3*z = -3*h + 3, 2*h + 3 - 5 = z. Let a(j) = j**2 - j + 2. Let l be a(z). Suppose 0*g - 550 = -l*g. Calculate the greatest common factor of 25 and g.
25
Let f be (-5)/(-8 - -3)*-5 - -10. Calculate the greatest common factor of f and 100.
5
Suppose 0 = 5*d + 13*d - 288. Let f be 2/3 - (-70)/3. What is the highest common divisor of d and f?
8
Suppose 144 = 12*p + 4*p. What is the highest common factor of 5 and p?
1
Let a = 326 - 304. What is the greatest common factor of 22 and a?
22
Let s = 33 - -45. Suppose w = -4*g + 195, 3*w - 283 - 302 = 2*g. Calculate the highest common divisor of s and w.
39
Suppose -5*n + 10*n = 10, -4*n - 201 = -z. Calculate the greatest common divisor of 22 and z.
11
Let m = 4 - 26. Let z = 8 - m. Calculate the highest common factor of 20 and z.
10
Let f(a) = -a**2 + 12*a - 6. Let y be f(10). Let q = 22 + -18. Let i(v) = 2*v**3 - 2. Let w be i(q). Calculate the highest common divisor of w and y.
14
Suppose -2*z = 2*u - 300, 142 = u + 20*z - 17*z. What is the greatest common factor of 242 and u?
22
Suppose -3*l + 3 = -0*l. Suppose -6 = 3*m - 6*m. Suppose -2*t = o + 3*o - 36, m*t + 28 = 4*o. Calculate the highest common divisor of o and l.
1
Let o(x) = 13*x + 40*x - 17*x + 3. Let c be o(4). Let p be (-16)/4 + (-1 - -26). Calculate the highest common factor of p and c.
21
Suppose -3780 = -9*r - 12*r. Suppose -s + 15 = -21. What is the greatest common divisor of r and s?
36
Let l = -3 - -37. Let r(z) = 7*z. Let t be r(5). Suppose t*d - 143 = l*d. Calculate the highest common divisor of d and 13.
13
Suppose 0 = -n + 7 - 4, 3*i - 75 = -n. Calculate the highest common divisor of 240 and i.
24
Let u = -633 - -681. What is the greatest common factor of u and 648?
24
Suppose -r + 15 = 4*r. Let j(c) = c**3 - 4*c**2 + 3*c. Let a be j(r). Let i(l) = -l**2 - l + 16. Let o be i(a). What is the highest common factor of 4 and o?
4
Suppose 0 = -2*n - l + 2*l + 56, 112 = 4*n + 5*l. Calculate the highest common divisor of 7 and n.
7
Let k be 268/8 - 1/2. Suppose 91 = 4*o + 3. What is the greatest common divisor of o and k?
11
Let j = 1383 - 1368. Let v = -2 + 5. What is the greatest common factor of j and v?
3
Let m = 197 + -191. What is the highest common divisor of m and 48?
6
Let z be -15*4/4 + 2. Let o = -9 - z. Suppose -3*b = -4*w + 77, -97 = -o*w - 0*b - b. Calculate the highest common divisor of 115 and w.
23
Let z(x) = 4*x**3 + x + 5. Let o be z(2). Calculate the greatest common divisor of 156 and o.
39
Let w = 73 - 112. Let c = 42 + w. What is the greatest common factor of c and 6?
3
Let s(w) = w**3 + 8*w**2 - 7*w. Let r be s(-8). Calculate the highest common divisor of r and 252.
28
Let y(r) = -r**2 - r + 22. Let s be y(3). Suppose -8 = -4*l + 2*l. What is the highest common factor of s and l?
2
Let m = 363 + 792. Calculate the highest common divisor of m and 110.
55
Let l = -59 - -86. Let u be (-1)/2 + (-15)/(-2). Let b = u + 2. Calculate the highest common factor of l and b.
9
Suppose 11 = r + 4*a, 2*a - 23 = 2*r - 5*r. Suppose -28 = v - 3*v. What is the greatest common divisor of v and r?
7
Let q = 1891 - 1852. Calculate the highest common factor of q and 52.
13
Let s be (-2 - (2 - 0)) + -10. Let m be 2 + (10/(-14) - (-4)/s). What is the greatest common divisor of m and 4?
1
Let i(n) be the second derivative of n**3 - 9*n**2/2 - 8*n. Let f be i(4). Suppose f*j = 14*j + 11. What is the greatest common factor of 99 and j?
11
Let u = 91 + -86. Calculate the highest common factor of u and 5.
5
Suppose 0 = -9*a - 360 + 1485. Let s = 130 - a. Calculate the highest common divisor of 85 and s.
5
Let i be 6 - ((-392)/147)/(2/12). What is the highest common factor of i and 1034?
22
Let w(v) = -3*v + 22 - 4*v + 2*v + 4*v. Let z be w(18). Suppose z*b - 746 - 50 = -l, 186 = b - 3*l. What is the greatest common divisor of 18 and b?
18
Suppose -2*p + 228 = 4*p. Let z(u) = -u + 12. Let m be z(10). Let h be (-3)/m - (-5496)/16. Calculate the highest common divisor of p and h.
38
Let j(a) = a + 10. Let w be j(17). Suppose 7*l - w = -2*l. Calculate the greatest common divisor of l and 4.
1
Suppose 0 = j + 3*j - 48. Let t = -99 + 207. Calculate the greatest common factor of j and t.
12
Suppose 5*h - 24 - 1 = 0. Suppose -h*p = -14 - 236. Calculate the greatest common factor of p and 10.
10
Let j be (-12)/(-16)*(5 - 1). Let x be (((-120)/j)/(-5))/1. Calculate the greatest common divisor of 72 and x.
8
Let r(u) = -u**3 + 17*u**2 - 14*u - 22. Let t be r(16). What is the greatest common divisor of 130 and t?
10
Suppose -825 = 8*z - 13*z. Let c be (3/(45/204))/(22/z). What is the highest common factor of 34 and c?
34
Suppose -23*j + 25*j - 3*r = 24, 0 = 4*j + 3*r - 48. What is the highest common divisor of j and 54?
6
Let w = -1305 + 1512. What is the highest common divisor of w and 759?
69
Suppose -4*d = -d + 6. Let q = 6 - d. Let s be 80 + 2 - q/4. What is the greatest common factor of 10 and s?
10
Let g be 10/35 - (3 - 89/7). What is the greatest common factor of g and 20?
10
Let i(n) be the first derivative of -n**2 - 9*n - 1. Let v = 81 - 91. Let u be i(v). What is the highest common factor of u and 99?
11
Suppose 2*z - 2*v = -4*v + 88, z + 5*v = 60. What is the highest common divisor of z and 32?
8
Let n = 26 - 26. Suppose 4*o - 4*m - 40 = n, o + 3*m + 10 = -0*m. Suppose w - 3 = o*f - 6, 11 = 4*w + 3*f. Calculate the greatest common divisor of 1 and w.
1
Let s be -5 - -1 - (23 + 2). Let l = s - -73. Suppose -2*t + 4 = -t. What is the greatest common factor of l and t?
4
Suppose 5283*x - 5288*x + 20 = 0. Suppose 2 = -u + 3. Calculate the greatest com